{"id":127250,"date":"2024-02-27T17:11:50","date_gmt":"2024-02-27T16:11:50","guid":{"rendered":"https:\/\/www.fabioferro.eu\/.html?post_type=product&#038;p=127250"},"modified":"2024-02-28T19:23:42","modified_gmt":"2024-02-28T18:23:42","slug":"longuette-halskette-im-tiffany-stil-aus-weisgold-mit-041-karat-diamanten-copia","status":"publish","type":"product","link":"https:\/\/www.fabioferro.eu\/de\/longuette-halskette-im-tiffany-stil-aus-weisgold-mit-041-karat-diamanten-copia.html","title":{"rendered":"Tiffany Style 7 Steine Wei\u00dfgold Halskette mit 0,28 Karat Diamanten"},"content":{"rendered":"<p>In unserer Goldschmiedewerkstatt handgefertigtes Collier aus Wei\u00dfgold 750\/1000. Die Kette besteht aus Mini-Rollglieder und wiegt 3,17 g.<\/p>\n<p>Entlang der 45 cm langen Halskette sind 7 Diamanten in Zwiebelform angeordnet. Es besteht die M\u00f6glichkeit, die Halskette auf 42 cm zu k\u00fcrzen.<\/p>\n<p>Die Diamanten im Brillantschliff haben ein Gesamtgewicht von 0,28 Karat und zeichnen sich durch eine Farbe von F und eine Reinheit von VS1 aus.<\/p>\n<p>Praktischer und sicherer Karabinerhakenverschluss.<\/p>\n<p>Schmuckst\u00fcck mit Schachtel, speziellem Geschenkkarton und Garantie\/Qualit\u00e4tszertifikat, unterzeichnet von Fabio Ferro i Gioielli.<\/p>\n<p><img decoding=\"async\" class=\"alignnone size-full wp-image-68675\" src=\"https:\/\/cdn02.fabioferro.eu\/wp-content\/uploads\/IGI-4cs-chart-IT-scaled.jpg\" alt=\"\" width=\"1864\" height=\"2560\" title=\"\" srcset=\"https:\/\/cdn02.fabioferro.eu\/wp-content\/uploads\/IGI-4cs-chart-IT-scaled.jpg 1864w, https:\/\/cdn02.fabioferro.eu\/wp-content\/uploads\/IGI-4cs-chart-IT-768x1055.jpg 768w, https:\/\/cdn02.fabioferro.eu\/wp-content\/uploads\/IGI-4cs-chart-IT-1119x1536.jpg 1119w, https:\/\/cdn02.fabioferro.eu\/wp-content\/uploads\/IGI-4cs-chart-IT-1491x2048.jpg 1491w, https:\/\/cdn02.fabioferro.eu\/wp-content\/uploads\/IGI-4cs-chart-IT-990x1359.jpg 990w, https:\/\/cdn02.fabioferro.eu\/wp-content\/uploads\/IGI-4cs-chart-IT-441x606.jpg 441w, https:\/\/cdn02.fabioferro.eu\/wp-content\/uploads\/IGI-4cs-chart-IT-600x824.jpg 600w, https:\/\/cdn02.fabioferro.eu\/wp-content\/uploads\/IGI-4cs-chart-IT-150x206.jpg 150w\" sizes=\"(max-width: 1864px) 100vw, 1864px\" \/><\/p>\n","protected":false},"excerpt":{"rendered":"<p>Ein sch\u00f6nes Schmuckst\u00fcck, sehr elegant und praktisch f\u00fcr den Alltag.<\/p>\n","protected":false},"featured_media":126792,"comment_status":"open","ping_status":"closed","template":"","meta":[],"product_brand":[152],"product_cat":[6015],"product_tag":[7442],"class_list":{"0":"post-127250","1":"product","2":"type-product","3":"status-publish","4":"has-post-thumbnail","6":"product_brand-fabio-ferro-i-gioielli","7":"product_cat-halsketten","8":"product_tag-verfugbar","10":"first","11":"instock","12":"sale","13":"taxable","14":"shipping-taxable","15":"purchasable","16":"product-type-simple"},"exclude_global_add_ons":[],"addons":[],"df_price":1540,"df_sale_price":1540,"df_regular_price":1930,"df_image_link":"https:\/\/cdn02.fabioferro.eu\/wp-content\/uploads\/collana-fabio-ferro-stile-tiffany-in-oro-bianco-con-diamanti-cipollina-ff1294.jpg","_links":{"self":[{"href":"https:\/\/www.fabioferro.eu\/de\/wp-json\/wp\/v2\/product\/127250","targetHints":{"allow":["GET"]}}],"collection":[{"href":"https:\/\/www.fabioferro.eu\/de\/wp-json\/wp\/v2\/product"}],"about":[{"href":"https:\/\/www.fabioferro.eu\/de\/wp-json\/wp\/v2\/types\/product"}],"replies":[{"embeddable":true,"href":"https:\/\/www.fabioferro.eu\/de\/wp-json\/wp\/v2\/comments?post=127250"}],"version-history":[{"count":0,"href":"https:\/\/www.fabioferro.eu\/de\/wp-json\/wp\/v2\/product\/127250\/revisions"}],"wp:featuredmedia":[{"embeddable":true,"href":"https:\/\/www.fabioferro.eu\/de\/wp-json\/wp\/v2\/media\/126792"}],"wp:attachment":[{"href":"https:\/\/www.fabioferro.eu\/de\/wp-json\/wp\/v2\/media?parent=127250"}],"wp:term":[{"taxonomy":"product_brand","embeddable":true,"href":"https:\/\/www.fabioferro.eu\/de\/wp-json\/wp\/v2\/product_brand?post=127250"},{"taxonomy":"product_cat","embeddable":true,"href":"https:\/\/www.fabioferro.eu\/de\/wp-json\/wp\/v2\/product_cat?post=127250"},{"taxonomy":"product_tag","embeddable":true,"href":"https:\/\/www.fabioferro.eu\/de\/wp-json\/wp\/v2\/product_tag?post=127250"}],"curies":[{"name":"wp","href":"https:\/\/api.w.org\/{rel}","templated":true}]}}

Tiffany Style 7 Steine Weißgold Halskette mit 0,28 Karat Diamanten

<p>In unserer Goldschmiedewerkstatt handgefertigtes Collier aus Weißgold 750/1000. Die Kette besteht aus Mini-Rollglieder und wiegt 3,17 g.</p>
<p>Entlang der 45 cm langen Halskette sind 7 Diamanten in Zwiebelform angeordnet. Es besteht die Möglichkeit, die Halskette auf 42 cm zu kürzen.</p>
<p>Die Diamanten im Brillantschliff haben ein Gesamtgewicht von 0,28 Karat und zeichnen sich durch eine Farbe von F und eine Reinheit von VS1 aus.</p>
<p>Praktischer und sicherer Karabinerhakenverschluss.</p>
<p>Schmuckstück mit Schachtel, speziellem Geschenkkarton und Garantie/Qualitätszertifikat, unterzeichnet von Fabio Ferro i Gioielli.</p>
<p><img decoding="async" class="alignnone size-full wp-image-68675" src="https://cdn02.fabioferro.eu/wp-content/uploads/IGI-4cs-chart-IT-scaled.jpg" alt="" width="1864" height="2560" title="" srcset="https://cdn02.fabioferro.eu/wp-content/uploads/IGI-4cs-chart-IT-scaled.jpg 1864w, https://cdn02.fabioferro.eu/wp-content/uploads/IGI-4cs-chart-IT-768x1055.jpg 768w, https://cdn02.fabioferro.eu/wp-content/uploads/IGI-4cs-chart-IT-1119x1536.jpg 1119w, https://cdn02.fabioferro.eu/wp-content/uploads/IGI-4cs-chart-IT-1491x2048.jpg 1491w, https://cdn02.fabioferro.eu/wp-content/uploads/IGI-4cs-chart-IT-990x1359.jpg 990w, https://cdn02.fabioferro.eu/wp-content/uploads/IGI-4cs-chart-IT-441x606.jpg 441w, https://cdn02.fabioferro.eu/wp-content/uploads/IGI-4cs-chart-IT-600x824.jpg 600w, https://cdn02.fabioferro.eu/wp-content/uploads/IGI-4cs-chart-IT-150x206.jpg 150w" sizes="(max-width: 1864px) 100vw, 1864px" /></p>

<p>Ein schönes Schmuckstück, sehr elegant und praktisch für den Alltag.</p>
