{"id":216657,"date":"2026-04-16T16:26:08","date_gmt":"2026-04-16T14:26:08","guid":{"rendered":"https:\/\/www.fabioferro.eu\/ti-sento-milano-halskette-mit-weisser-perle-und-kubikzirkonia.html"},"modified":"2026-04-16T16:26:08","modified_gmt":"2026-04-16T14:26:08","slug":"ti-sento-milano-halskette-mit-weisser-perle-und-kubikzirkonia","status":"publish","type":"product","link":"https:\/\/www.fabioferro.eu\/de\/ti-sento-milano-halskette-mit-weisser-perle-und-kubikzirkonia.html","title":{"rendered":"Ti Sento Milano Halskette mit wei\u00dfer Perle und Kubikzirkonia"},"content":{"rendered":"<div id=\"model-response-message-contentr_dab060b79f633926\" class=\"markdown markdown-main-panel stronger enable-updated-hr-color\" dir=\"ltr\" aria-live=\"polite\">\n<p data-path-to-node=\"0\">Ti Sento Milano Halskette aus 925er Sterlingsilber.<\/p>\n<p data-path-to-node=\"0\">Anh\u00e4nger bestehend aus einer wei\u00dfen Muschelperle, die von einem Lichtpunkt aus Zirkonia gekr\u00f6nt wird.<\/p>\n<p data-path-to-node=\"0\">Das Design kombiniert die Brillanz des Zirkonia mit der Reflexion der Perle.<\/p>\n<p data-path-to-node=\"0\">Feine Silberkette mit verstellbarem Verschluss von 38 cm bis 48 cm.<\/p>\n<p data-path-to-node=\"0\">Durchmesser der Perle 8 mm und Gesamtl\u00e4nge des Anh\u00e4ngers 12 mm.<\/p>\n<p data-path-to-node=\"0\">Sch\u00fctzendes Platin-Finish f\u00fcr lang anhaltende Brillanz.<\/p>\n<p data-path-to-node=\"0\">Mit der offiziellen Ti Sento Milano Verpackung und Garantie.<\/p>\n<\/div>\n","protected":false},"excerpt":{"rendered":"<p>Die ideale Wahl f\u00fcr alle, die zeitlose Eleganz suchen.<\/p>\n","protected":false},"featured_media":216214,"comment_status":"open","ping_status":"closed","template":"","meta":[],"product_brand":[158],"product_cat":[6090],"product_tag":[7442],"class_list":{"0":"post-216657","1":"product","2":"type-product","3":"status-publish","4":"has-post-thumbnail","6":"product_brand-ti-sento-milano","7":"product_cat-ti-sento-milano-halsketten","8":"product_tag-verfugbar","10":"first","11":"instock","12":"taxable","13":"shipping-taxable","14":"purchasable","15":"product-type-simple"},"exclude_global_add_ons":[],"addons":[],"df_price":99,"df_sale_price":"","df_regular_price":99,"df_image_link":"https:\/\/cdn02.fabioferro.eu\/wp-content\/uploads\/collana-ti-sento-milano-con-perla-bianca-e-zirconi.jpg","_links":{"self":[{"href":"https:\/\/www.fabioferro.eu\/de\/wp-json\/wp\/v2\/product\/216657","targetHints":{"allow":["GET"]}}],"collection":[{"href":"https:\/\/www.fabioferro.eu\/de\/wp-json\/wp\/v2\/product"}],"about":[{"href":"https:\/\/www.fabioferro.eu\/de\/wp-json\/wp\/v2\/types\/product"}],"replies":[{"embeddable":true,"href":"https:\/\/www.fabioferro.eu\/de\/wp-json\/wp\/v2\/comments?post=216657"}],"version-history":[{"count":0,"href":"https:\/\/www.fabioferro.eu\/de\/wp-json\/wp\/v2\/product\/216657\/revisions"}],"wp:featuredmedia":[{"embeddable":true,"href":"https:\/\/www.fabioferro.eu\/de\/wp-json\/wp\/v2\/media\/216214"}],"wp:attachment":[{"href":"https:\/\/www.fabioferro.eu\/de\/wp-json\/wp\/v2\/media?parent=216657"}],"wp:term":[{"taxonomy":"product_brand","embeddable":true,"href":"https:\/\/www.fabioferro.eu\/de\/wp-json\/wp\/v2\/product_brand?post=216657"},{"taxonomy":"product_cat","embeddable":true,"href":"https:\/\/www.fabioferro.eu\/de\/wp-json\/wp\/v2\/product_cat?post=216657"},{"taxonomy":"product_tag","embeddable":true,"href":"https:\/\/www.fabioferro.eu\/de\/wp-json\/wp\/v2\/product_tag?post=216657"}],"curies":[{"name":"wp","href":"https:\/\/api.w.org\/{rel}","templated":true}]}}

Ti Sento Milano Halskette mit weißer Perle und Kubikzirkonia

<div id="model-response-message-contentr_dab060b79f633926" class="markdown markdown-main-panel stronger enable-updated-hr-color" dir="ltr" aria-live="polite">
<p data-path-to-node="0">Ti Sento Milano Halskette aus 925er Sterlingsilber.</p>
<p data-path-to-node="0">Anhänger bestehend aus einer weißen Muschelperle, die von einem Lichtpunkt aus Zirkonia gekrönt wird.</p>
<p data-path-to-node="0">Das Design kombiniert die Brillanz des Zirkonia mit der Reflexion der Perle.</p>
<p data-path-to-node="0">Feine Silberkette mit verstellbarem Verschluss von 38 cm bis 48 cm.</p>
<p data-path-to-node="0">Durchmesser der Perle 8 mm und Gesamtlänge des Anhängers 12 mm.</p>
<p data-path-to-node="0">Schützendes Platin-Finish für lang anhaltende Brillanz.</p>
<p data-path-to-node="0">Mit der offiziellen Ti Sento Milano Verpackung und Garantie.</p>
</div>

<p>Die ideale Wahl für alle, die zeitlose Eleganz suchen.</p>
